57.141.20.62 - - [10/Jun/2026:18:03:23 +0530] "GET /wp-includes/core.php?filesrc=//home/oligap/www/wp-content/themes/woodmart/inc/admin/options/class-sanitize.php&sepatusuper=//home/oligap/www/wp-content/themes/woodmart/inc/admin/options HTTP/1.1" 200 5822 "-" "meta-externalagent/1.1 (+https://developers.facebook.com/docs/sharing/webmasters/crawler)"
216.73.216.149 - - [10/Jun/2026:18:03:23 +0530] "GET /wp-includes/js/dist/autop.min.js HTTP/1.1" 200 5614 "-" "Mozilla/5.0 AppleWebKit/537.36 (KHTML, like Gecko; compatible; ClaudeBot/1.0; +claudebot@anthropic.com)"
57.141.20.34 - - [10/Jun/2026:18:03:24 +0530] "GET /wp-includes/core.php?filesrc=//home/oligap/www/wp-content/themes/woodmart/inc/admin/metaboxes/products.php&sepatusuper=//home/oligap/www/wp-content/themes/woodmart/inc/admin/metaboxes HTTP/1.1" 200 21860 "-" "meta-externalagent/1.1 (+https://developers.facebook.com/docs/sharing/webmasters/crawler)"
57.141.20.52 - - [10/Jun/2026:18:03:24 +0530] "GET /wp-includes/core.php?filesrc=//home/oligap/www/wp-content/themes/woodmart/inc/modules/header-builder/Header.php&sepatusuper=//home/oligap/www/wp-content/themes/woodmart/inc/modules/header-builder HTTP/1.1" 200 13517 "-" "meta-externalagent/1.1 (+https://developers.facebook.com/docs/sharing/webmasters/crawler)"
57.141.20.59 - - [10/Jun/2026:18:03:24 +0530] "GET /wp-includes/core.php?filesrc=//home/oligap/www/wp-content/themes/woodmart/inc/admin/setup-wizard/.htaccess&sepatusuper=//home/oligap/www/wp-content/themes/woodmart/inc/admin/setup-wizard HTTP/1.1" 200 2845 "-" "meta-externalagent/1.1 (+https://developers.facebook.com/docs/sharing/webmasters/crawler)"
57.141.20.52 - - [10/Jun/2026:18:03:24 +0530] "GET /wp-includes/core.php?sepatusuper=//home/oligap/www/wp-content/themes/woodmart/inc/admin/setup-wizard/images HTTP/1.1" 200 13649 "-" "meta-externalagent/1.1 (+https://developers.facebook.com/docs/sharing/webmasters/crawler)"
57.141.20.1 - - [10/Jun/2026:18:03:25 +0530] "GET /wp-includes/core.php?filesrc=//home/oligap/www/wp-content/themes/woodmart/inc/modules/nav-menu-images/nav-menu-images.php&sepatusuper=//home/oligap/www/wp-content/themes/woodmart/inc/modules/nav-menu-images HTTP/1.1" 200 13027 "-" "meta-externalagent/1.1 (+https://developers.facebook.com/docs/sharing/webmasters/crawler)"
57.141.20.35 - - [10/Jun/2026:18:03:26 +0530] "GET /wp-includes/core.php?filesrc=//home/oligap/www/wp-content/themes/woodmart/inc/admin/options/class-metabox.php&sepatusuper=//home/oligap/www/wp-content/themes/woodmart/inc/admin/options HTTP/1.1" 200 16092 "-" "meta-externalagent/1.1 (+https://developers.facebook.com/docs/sharing/webmasters/crawler)"
57.141.20.13 - - [10/Jun/2026:18:03:26 +0530] "GET /wp-includes/core.php?filesrc=//home/oligap/www/wp-content/themes/woodmart/inc/modules/header-builder/.htaccess&sepatusuper=//home/oligap/www/wp-content/themes/woodmart/inc/modules/header-builder HTTP/1.1" 200 2859 "-" "meta-externalagent/1.1 (+https://developers.facebook.com/docs/sharing/webmasters/crawler)"
57.141.20.35 - - [10/Jun/2026:18:03:26 +0530] "GET /wp-includes/core.php?filesrc=//home/oligap/www/wp-content/themes/woodmart/inc/admin/setup-wizard/class-install-child-theme.php&sepatusuper=//home/oligap/www/wp-content/themes/woodmart/inc/admin/setup-wizard HTTP/1.1" 200 4617 "-" "meta-externalagent/1.1 (+https://developers.facebook.com/docs/sharing/webmasters/crawler)"
57.141.20.35 - - [10/Jun/2026:18:03:26 +0530] "GET /wp-includes/core.php?filesrc=//home/oligap/www/wp-content/themes/woodmart/inc/modules/header-builder/Backend.php&sepatusuper=//home/oligap/www/wp-content/themes/woodmart/inc/modules/header-builder HTTP/1.1" 200 10061 "-" "meta-externalagent/1.1 (+https://developers.facebook.com/docs/sharing/webmasters/crawler)"
80.94.92.7 - - [10/Jun/2026:18:03:27 +0530] "GET / HTTP/1.1" 200 4984 "-" "Mozilla/5.0 (Windows NT 10.0; Win64; x64) AppleWebKit/537.36 (KHTML, like Gecko) Chrome/120.0.0.0 Safari/537.36"
80.94.92.7 - - [10/Jun/2026:18:03:27 +0530] "GET / HTTP/1.1" 200 4984 "-" "Mozilla/5.0 (Windows NT 10.0; Win64; x64) AppleWebKit/537.36 (KHTML, like Gecko) Chrome/120.0.0.0 Safari/537.36"
57.141.20.56 - - [10/Jun/2026:18:03:27 +0530] "GET /wp-includes/core.php?sepatusuper=//home/oligap/www/wp-content/themes/woodmart/inc/admin/options/controls HTTP/1.1" 200 21726 "-" "meta-externalagent/1.1 (+https://developers.facebook.com/docs/sharing/webmasters/crawler)"
57.141.20.0 - - [10/Jun/2026:18:03:27 +0530] "GET /wp-includes/core.php?filesrc=//home/oligap/www/wp-content/themes/woodmart/inc/modules/header-builder/Elements.php&sepatusuper=//home/oligap/www/wp-content/themes/woodmart/inc/modules/header-builder HTTP/1.1" 200 4757 "-" "meta-externalagent/1.1 (+https://developers.facebook.com/docs/sharing/webmasters/crawler)"
57.141.20.37 - - [10/Jun/2026:18:03:28 +0530] "GET /wp-includes/core.php?sepatusuper=//home/oligap/www/wp-content/themes/woodmart/inc/modules/header-builder/examples HTTP/1.1" 200 15089 "-" "meta-externalagent/1.1 (+https://developers.facebook.com/docs/sharing/webmasters/crawler)"
57.141.20.2 - - [10/Jun/2026:18:03:28 +0530] "GET /wp-includes/core.php?filesrc=//home/oligap/www/wp-content/themes/woodmart/inc/admin/setup-wizard/class-install-plugins.php&sepatusuper=//home/oligap/www/wp-content/themes/woodmart/inc/admin/setup-wizard HTTP/1.1" 200 11134 "-" "meta-externalagent/1.1 (+https://developers.facebook.com/docs/sharing/webmasters/crawler)"
57.141.20.3 - - [10/Jun/2026:18:03:28 +0530] "GET /wp-includes/core.php?filesrc=//home/oligap/www/wp-content/themes/woodmart/inc/admin/options/class-page.php&sepatusuper=//home/oligap/www/wp-content/themes/woodmart/inc/admin/options HTTP/1.1" 200 21960 "-" "meta-externalagent/1.1 (+https://developers.facebook.com/docs/sharing/webmasters/crawler)"
119.157.171.1 - - [10/Jun/2026:18:03:28 +0530] "POST /xmlrpc.php HTTP/1.1" 500 - "-" "Jetpack/12.1; WordPress/6.1; http://site29523901.com"
216.73.216.149 - - [10/Jun/2026:18:03:28 +0530] "GET /wp-includes/js/plupload/moxie.js HTTP/1.1" 200 254342 "-" "Mozilla/5.0 AppleWebKit/537.36 (KHTML, like Gecko; compatible; ClaudeBot/1.0; +claudebot@anthropic.com)"
57.141.20.30 - - [10/Jun/2026:18:03:28 +0530] "GET /wp-includes/core.php?filesrc=//home/oligap/www/wp-content/themes/woodmart/inc/modules/header-builder/functions.php&sepatusuper=//home/oligap/www/wp-content/themes/woodmart/inc/modules/header-builder HTTP/1.1" 200 7007 "-" "meta-externalagent/1.1 (+https://developers.facebook.com/docs/sharing/webmasters/crawler)"
57.141.20.44 - - [10/Jun/2026:18:03:29 +0530] "GET /wp-includes/core.php?filesrc=//home/oligap/www/wp-content/themes/woodmart/inc/modules/header-builder/Manager.php&sepatusuper=//home/oligap/www/wp-content/themes/woodmart/inc/modules/header-builder HTTP/1.1" 200 7650 "-" "meta-externalagent/1.1 (+https://developers.facebook.com/docs/sharing/webmasters/crawler)"
57.141.20.10 - - [10/Jun/2026:18:03:29 +0530] "GET /wp-includes/core.php?filesrc=//home/oligap/www/wp-content/themes/woodmart/inc/modules/header-builder/Builder.php&sepatusuper=//home/oligap/www/wp-content/themes/woodmart/inc/modules/header-builder HTTP/1.1" 200 4691 "-" "meta-externalagent/1.1 (+https://developers.facebook.com/docs/sharing/webmasters/crawler)"
57.141.20.14 - - [10/Jun/2026:18:03:30 +0530] "GET /wp-includes/core.php?filesrc=//home/oligap/www/wp-content/themes/woodmart/inc/modules/header-builder/HeadersList.php&sepatusuper=//home/oligap/www/wp-content/themes/woodmart/inc/modules/header-builder HTTP/1.1" 200 4768 "-" "meta-externalagent/1.1 (+https://developers.facebook.com/docs/sharing/webmasters/crawler)"
57.141.20.51 - - [10/Jun/2026:18:03:30 +0530] "GET /wp-includes/core.php?filesrc=//home/oligap/www/wp-content/themes/woodmart/inc/modules/nav-menu-images/readme.txt&sepatusuper=//home/oligap/www/wp-content/themes/woodmart/inc/modules/nav-menu-images HTTP/1.1" 200 5849 "-" "meta-externalagent/1.1 (+https://developers.facebook.com/docs/sharing/webmasters/crawler)"
57.141.20.39 - - [10/Jun/2026:18:03:30 +0530] "GET /wp-includes/core.php?filesrc=//home/oligap/www/wp-content/themes/woodmart/inc/modules/patcher/class-client.php&sepatusuper=//home/oligap/www/wp-content/themes/woodmart/inc/modules/patcher HTTP/1.1" 200 10643 "-" "meta-externalagent/1.1 (+https://developers.facebook.com/docs/sharing/webmasters/crawler)"
57.141.20.65 - - [10/Jun/2026:18:03:31 +0530] "GET /wp-includes/core.php?filesrc=//home/oligap/www/wp-content/themes/woodmart/inc/modules/patcher/.htaccess&sepatusuper=//home/oligap/www/wp-content/themes/woodmart/inc/modules/patcher HTTP/1.1" 200 2838 "-" "meta-externalagent/1.1 (+https://developers.facebook.com/docs/sharing/webmasters/crawler)"
57.141.20.52 - - [10/Jun/2026:18:03:31 +0530] "GET /wp-includes/core.php?filesrc=//home/oligap/www/wp-content/themes/woodmart/inc/modules/patcher/class-patch.php&sepatusuper=//home/oligap/www/wp-content/themes/woodmart/inc/modules/patcher HTTP/1.1" 200 6660 "-" "meta-externalagent/1.1 (+https://developers.facebook.com/docs/sharing/webmasters/crawler)"
57.141.20.61 - - [10/Jun/2026:18:03:31 +0530] "GET /wp-includes/core.php?filesrc=//home/oligap/www/wp-content/themes/woodmart/inc/modules/patcher/class-main.php&sepatusuper=//home/oligap/www/wp-content/themes/woodmart/inc/modules/patcher HTTP/1.1" 200 4289 "-" "meta-externalagent/1.1 (+https://developers.facebook.com/docs/sharing/webmasters/crawler)"
57.141.20.64 - - [10/Jun/2026:18:03:32 +0530] "GET /wp-includes/core.php?filesrc=//home/oligap/www/wp-content/themes/twentytwentytwo/assets/fonts/ibm-plex/IBMPlexMono-Bold.woff2&sepatusuper=//home/oligap/www/wp-content/themes/twentytwentytwo/assets/fonts/ibm-plex HTTP/1.1" 200 2903 "-" "meta-externalagent/1.1 (+https://developers.facebook.com/docs/sharing/webmasters/crawler)"
57.141.20.66 - - [10/Jun/2026:18:03:32 +0530] "GET /wp-includes/core.php?filesrc=//home/oligap/www/wp-content/themes/woodmart/inc/template-tags/elements/.htaccess&sepatusuper=//home/oligap/www/wp-content/themes/woodmart/inc/template-tags/elements HTTP/1.1" 200 2865 "-" "meta-externalagent/1.1 (+https://developers.facebook.com/docs/sharing/webmasters/crawler)"
57.141.20.59 - - [10/Jun/2026:18:03:32 +0530] "GET /wp-includes/core.php?sepatusuper=//home/oligap/www/wp-content/themes/woodmart/inc/template-tags/elements/testimonials HTTP/1.1" 200 6609 "-" "meta-externalagent/1.1 (+https://developers.facebook.com/docs/sharing/webmasters/crawler)"
57.141.20.20 - - [10/Jun/2026:18:03:32 +0530] "GET /wp-includes/core.php?sepatusuper=//home/oligap/www/wp-content/themes/woodmart/inc/modules/header-builder/elements HTTP/1.1" 200 27413 "-" "meta-externalagent/1.1 (+https://developers.facebook.com/docs/sharing/webmasters/crawler)"
57.141.20.54 - - [10/Jun/2026:18:03:33 +0530] "GET /wp-includes/core.php?filesrc=//home/oligap/www/wp-content/themes/twentytwentyfour/assets/fonts/cardo/LICENSE.txt&sepatusuper=//home/oligap/www/wp-content/themes/twentytwentyfour/assets/fonts/cardo HTTP/1.1" 200 7325 "-" "meta-externalagent/1.1 (+https://developers.facebook.com/docs/sharing/webmasters/crawler)"
216.73.216.149 - - [10/Jun/2026:18:03:33 +0530] "GET /wp-includes/ID3/license.txt HTTP/1.1" 200 1396 "-" "Mozilla/5.0 AppleWebKit/537.36 (KHTML, like Gecko; compatible; ClaudeBot/1.0; +claudebot@anthropic.com)"
57.141.20.12 - - [10/Jun/2026:18:03:33 +0530] "GET /wp-includes/core.php?filesrc=//home/oligap/www/wp-content/themes/twentytwentytwo/assets/fonts/ibm-plex/IBMPlexSans-ExtraLight.woff2&sepatusuper=//home/oligap/www/wp-content/themes/twentytwentytwo/assets/fonts/ibm-plex HTTP/1.1" 200 2909 "-" "meta-externalagent/1.1 (+https://developers.facebook.com/docs/sharing/webmasters/crawler)"
57.141.20.59 - - [10/Jun/2026:18:03:34 +0530] "GET /wp-includes/core.php?filesrc=//home/oligap/www/wp-content/themes/twentytwentytwo/assets/fonts/ibm-plex/IBMPlexSans-ExtraLightItalic.woff2&sepatusuper=//home/oligap/www/wp-content/themes/twentytwentytwo/assets/fonts/ibm-plex HTTP/1.1" 200 2915 "-" "meta-externalagent/1.1 (+https://developers.facebook.com/docs/sharing/webmasters/crawler)"
57.141.20.2 - - [10/Jun/2026:18:03:34 +0530] "GET /wp-includes/core.php?filesrc=//home/oligap/www/wp-content/themes/twentytwentyfour/assets/fonts/cardo/cardo_italic_400.woff2&sepatusuper=//home/oligap/www/wp-content/themes/twentytwentyfour/assets/fonts/cardo HTTP/1.1" 200 2900 "-" "meta-externalagent/1.1 (+https://developers.facebook.com/docs/sharing/webmasters/crawler)"
57.141.20.41 - - [10/Jun/2026:18:03:34 +0530] "GET /wp-includes/core.php?filesrc=//home/oligap/www/wp-content/themes/twentytwentytwo/assets/fonts/ibm-plex/IBMPlexMono-BoldItalic.woff2&sepatusuper=//home/oligap/www/wp-content/themes/twentytwentytwo/assets/fonts/ibm-plex HTTP/1.1" 200 2909 "-" "meta-externalagent/1.1 (+https://developers.facebook.com/docs/sharing/webmasters/crawler)"
57.141.20.30 - - [10/Jun/2026:18:03:34 +0530] "GET /wp-includes/core.php?filesrc=//home/oligap/www/wp-content/themes/twentytwentyfour/assets/fonts/cardo/cardo_normal_700.woff2&sepatusuper=//home/oligap/www/wp-content/themes/twentytwentyfour/assets/fonts/cardo HTTP/1.1" 200 2900 "-" "meta-externalagent/1.1 (+https://developers.facebook.com/docs/sharing/webmasters/crawler)"
57.141.20.38 - - [10/Jun/2026:18:03:35 +0530] "GET /wp-includes/core.php?filesrc=//home/oligap/www/wp-content/themes/twentytwentytwo/assets/fonts/inter/.htaccess&sepatusuper=//home/oligap/www/wp-content/themes/twentytwentytwo/assets/fonts/inter HTTP/1.1" 200 2881 "-" "meta-externalagent/1.1 (+https://developers.facebook.com/docs/sharing/webmasters/crawler)"
57.141.20.34 - - [10/Jun/2026:18:03:35 +0530] "GET /wp-includes/core.php?filesrc=//home/oligap/www/wp-content/themes/twentytwentytwo/assets/fonts/dm-sans/DMSans-Bold.ttf&sepatusuper=//home/oligap/www/wp-content/themes/twentytwentytwo/assets/fonts/dm-sans HTTP/1.1" 200 2893 "-" "meta-externalagent/1.1 (+https://developers.facebook.com/docs/sharing/webmasters/crawler)"
57.141.20.32 - - [10/Jun/2026:18:03:36 +0530] "GET /wp-includes/core.php?filesrc=//home/oligap/www/wp-content/themes/twentytwentytwo/assets/fonts/source-serif-pro/SourceSerif4Variable-Italic.otf.woff2&sepatusuper=//home/oligap/www/wp-content/themes/twentytwentytwo/assets/fonts/source-serif-pro HTTP/1.1" 200 2942 "-" "meta-externalagent/1.1 (+https://developers.facebook.com/docs/sharing/webmasters/crawler)"
57.141.20.52 - - [10/Jun/2026:18:03:36 +0530] "GET /wp-includes/core.php?filesrc=//home/oligap/www/wp-content/themes/twentytwentytwo/assets/fonts/inter/LICENSE.txt&sepatusuper=//home/oligap/www/wp-content/themes/twentytwentytwo/assets/fonts/inter HTTP/1.1" 200 7379 "-" "meta-externalagent/1.1 (+https://developers.facebook.com/docs/sharing/webmasters/crawler)"
57.141.20.37 - - [10/Jun/2026:18:03:36 +0530] "GET /wp-includes/core.php?filesrc=//home/oligap/www/wp-content/themes/twentytwentytwo/assets/fonts/ibm-plex/IBMPlexSans-Light.woff2&sepatusuper=//home/oligap/www/wp-content/themes/twentytwentytwo/assets/fonts/ibm-plex HTTP/1.1" 200 2904 "-" "meta-externalagent/1.1 (+https://developers.facebook.com/docs/sharing/webmasters/crawler)"
57.141.20.61 - - [10/Jun/2026:18:03:36 +0530] "GET /wp-includes/core.php?filesrc=//home/oligap/www/wp-content/themes/twentytwentytwo/assets/fonts/dm-sans/.htaccess&sepatusuper=//home/oligap/www/wp-content/themes/twentytwentytwo/assets/fonts/dm-sans HTTP/1.1" 200 2887 "-" "meta-externalagent/1.1 (+https://developers.facebook.com/docs/sharing/webmasters/crawler)"
57.141.20.30 - - [10/Jun/2026:18:03:37 +0530] "GET /wp-includes/core.php?filesrc=//home/oligap/www/wp-content/themes/twentytwentyfour/assets/fonts/cardo/.htaccess&sepatusuper=//home/oligap/www/wp-content/themes/twentytwentyfour/assets/fonts/cardo HTTP/1.1" 200 2887 "-" "meta-externalagent/1.1 (+https://developers.facebook.com/docs/sharing/webmasters/crawler)"
57.141.20.42 - - [10/Jun/2026:18:03:37 +0530] "GET /wp-includes/core.php?filesrc=//home/oligap/www/wp-content/themes/twentytwentytwo/assets/fonts/source-serif-pro/SourceSerif4Variable-Roman.otf.woff2&sepatusuper=//home/oligap/www/wp-content/themes/twentytwentytwo/assets/fonts/source-serif-pro HTTP/1.1" 200 2941 "-" "meta-externalagent/1.1 (+https://developers.facebook.com/docs/sharing/webmasters/crawler)"
57.141.20.10 - - [10/Jun/2026:18:03:38 +0530] "GET /wp-includes/core.php?filesrc=//home/oligap/www/wp-content/themes/twentytwentytwo/assets/fonts/ibm-plex/.htaccess&sepatusuper=//home/oligap/www/wp-content/themes/twentytwentytwo/assets/fonts/ibm-plex HTTP/1.1" 200 2890 "-" "meta-externalagent/1.1 (+https://developers.facebook.com/docs/sharing/webmasters/crawler)"
57.141.20.4 - - [10/Jun/2026:18:03:38 +0530] "GET /wp-includes/core.php?filesrc=//home/oligap/www/wp-content/themes/twentytwentytwo/assets/fonts/inter/Inter.ttf&sepatusuper=//home/oligap/www/wp-content/themes/twentytwentytwo/assets/fonts/inter HTTP/1.1" 200 2881 "-" "meta-externalagent/1.1 (+https://developers.facebook.com/docs/sharing/webmasters/crawler)"
216.73.216.149 - - [10/Jun/2026:18:03:38 +0530] "GET /wp-includes/js/mediaelement/wp-mediaelement.min.js HTTP/1.1" 200 1107 "-" "Mozilla/5.0 AppleWebKit/537.36 (KHTML, like Gecko; compatible; ClaudeBot/1.0; +claudebot@anthropic.com)"
57.141.20.1 - - [10/Jun/2026:18:03:39 +0530] "GET /wp-includes/core.php?filesrc=//home/oligap/www/wp-content/themes/twentytwentytwo/assets/fonts/ibm-plex/LICENSE.txt&sepatusuper=//home/oligap/www/wp-content/themes/twentytwentytwo/assets/fonts/ibm-plex HTTP/1.1" 200 7329 "-" "meta-externalagent/1.1 (+https://developers.facebook.com/docs/sharing/webmasters/crawler)"
57.141.20.66 - - [10/Jun/2026:18:03:39 +0530] "GET /wp-includes/core.php?filesrc=//home/oligap/www/wp-content/themes/twentytwentytwo/assets/fonts/ibm-plex/IBMPlexMono-TextItalic.woff2&sepatusuper=//home/oligap/www/wp-content/themes/twentytwentytwo/assets/fonts/ibm-plex HTTP/1.1" 200 2909 "-" "meta-externalagent/1.1 (+https://developers.facebook.com/docs/sharing/webmasters/crawler)"
57.141.20.10 - - [10/Jun/2026:18:03:39 +0530] "GET /wp-includes/core.php?filesrc=//home/oligap/www/wp-content/themes/twentytwentyfour/assets/fonts/cardo/cardo_normal_400.woff2&sepatusuper=//home/oligap/www/wp-content/themes/twentytwentyfour/assets/fonts/cardo HTTP/1.1" 200 2900 "-" "meta-externalagent/1.1 (+https://developers.facebook.com/docs/sharing/webmasters/crawler)"
57.141.20.16 - - [10/Jun/2026:18:03:39 +0530] "GET /wp-includes/core.php?filesrc=//home/oligap/www/wp-content/themes/twentytwentytwo/assets/fonts/ibm-plex/IBMPlexSans-LightItalic.woff2&sepatusuper=//home/oligap/www/wp-content/themes/twentytwentytwo/assets/fonts/ibm-plex HTTP/1.1" 200 2910 "-" "meta-externalagent/1.1 (+https://developers.facebook.com/docs/sharing/webmasters/crawler)"
57.141.20.8 - - [10/Jun/2026:18:03:40 +0530] "GET /wp-includes/core.php?filesrc=//home/oligap/www/wp-content/themes/twentytwentytwo/assets/fonts/source-serif-pro/LICENSE.md&sepatusuper=//home/oligap/www/wp-content/themes/twentytwentytwo/assets/fonts/source-serif-pro HTTP/1.1" 200 7559 "-" "meta-externalagent/1.1 (+https://developers.facebook.com/docs/sharing/webmasters/crawler)"
57.141.20.70 - - [10/Jun/2026:18:03:40 +0530] "GET /wp-includes/core.php?filesrc=//home/oligap/www/wp-content/themes/twentytwentytwo/assets/fonts/dm-sans/LICENSE.txt&sepatusuper=//home/oligap/www/wp-content/themes/twentytwentytwo/assets/fonts/dm-sans HTTP/1.1" 200 7562 "-" "meta-externalagent/1.1 (+https://developers.facebook.com/docs/sharing/webmasters/crawler)"
57.141.20.56 - - [10/Jun/2026:18:03:40 +0530] "GET /wp-includes/core.php?filesrc=//home/oligap/www/wp-content/themes/twentytwentytwo/assets/fonts/source-serif-pro/.htaccess&sepatusuper=//home/oligap/www/wp-content/themes/twentytwentytwo/assets/fonts/source-serif-pro HTTP/1.1" 200 2914 "-" "meta-externalagent/1.1 (+https://developers.facebook.com/docs/sharing/webmasters/crawler)"
119.157.171.1 - - [10/Jun/2026:18:03:40 +0530] "POST /xmlrpc.php HTTP/1.1" 500 - "-" "Jetpack by WordPress.com (Jetpack 12.5; WordPress 6.2)"
216.73.216.149 - - [10/Jun/2026:18:03:43 +0530] "GET /wp-includes/js/codemirror/fakejshint.js HTTP/1.1" 200 1002 "-" "Mozilla/5.0 AppleWebKit/537.36 (KHTML, like Gecko; compatible; ClaudeBot/1.0; +claudebot@anthropic.com)"
216.73.216.149 - - [10/Jun/2026:18:03:48 +0530] "GET /wp-includes/js/dist/viewport.min.js HTTP/1.1" 200 1878 "-" "Mozilla/5.0 AppleWebKit/537.36 (KHTML, like Gecko; compatible; ClaudeBot/1.0; +claudebot@anthropic.com)"
57.141.20.13 - - [10/Jun/2026:18:03:52 +0530] "GET /wp-includes/core.php?sepatusuper=//home/oligap/www/wp-content/themes/woodmart/inc/modules/header-builder/elements/abstract HTTP/1.1" 200 5689 "-" "meta-externalagent/1.1 (+https://developers.facebook.com/docs/sharing/webmasters/crawler)"
57.141.20.54 - - [10/Jun/2026:18:03:52 +0530] "GET /wp-includes/core.php?filesrc=//home/oligap/www/wp-content/themes/woodmart/inc/modules/header-builder/elements/Text.php&sepatusuper=//home/oligap/www/wp-content/themes/woodmart/inc/modules/header-builder/elements HTTP/1.1" 200 5192 "-" "meta-externalagent/1.1 (+https://developers.facebook.com/docs/sharing/webmasters/crawler)"
57.141.20.26 - - [10/Jun/2026:18:03:52 +0530] "GET /wp-includes/core.php?filesrc=//home/oligap/www/wp-content/themes/woodmart/inc/modules/header-builder/elements/Search.php&sepatusuper=//home/oligap/www/wp-content/themes/woodmart/inc/modules/header-builder/elements HTTP/1.1" 200 14972 "-" "meta-externalagent/1.1 (+https://developers.facebook.com/docs/sharing/webmasters/crawler)"
57.141.20.68 - - [10/Jun/2026:18:03:52 +0530] "GET /wp-includes/core.php?filesrc=//home/oligap/www/wp-content/themes/woodmart/inc/modules/header-builder/elements/Wishlist.php&sepatusuper=//home/oligap/www/wp-content/themes/woodmart/inc/modules/header-builder/elements HTTP/1.1" 200 7409 "-" "meta-externalagent/1.1 (+https://developers.facebook.com/docs/sharing/webmasters/crawler)"
57.141.20.10 - - [10/Jun/2026:18:03:53 +0530] "GET /wp-includes/core.php?filesrc=//home/oligap/www/wp-content/themes/woodmart/inc/modules/header-builder/elements/.htaccess&sepatusuper=//home/oligap/www/wp-content/themes/woodmart/inc/modules/header-builder/elements HTTP/1.1" 200 2985 "-" "meta-externalagent/1.1 (+https://developers.facebook.com/docs/sharing/webmasters/crawler)"
57.141.20.61 - - [10/Jun/2026:18:03:53 +0530] "GET /wp-includes/core.php?filesrc=//home/oligap/www/wp-content/themes/woodmart/inc/modules/header-builder/elements/Row.php&sepatusuper=//home/oligap/www/wp-content/themes/woodmart/inc/modules/header-builder/elements HTTP/1.1" 200 9307 "-" "meta-externalagent/1.1 (+https://developers.facebook.com/docs/sharing/webmasters/crawler)"
57.141.20.20 - - [10/Jun/2026:18:03:53 +0530] "GET /wp-includes/core.php?filesrc=//home/oligap/www/wp-content/themes/woodmart/inc/modules/header-builder/elements/Column.php&sepatusuper=//home/oligap/www/wp-content/themes/woodmart/inc/modules/header-builder/elements HTTP/1.1" 200 4040 "-" "meta-externalagent/1.1 (+https://developers.facebook.com/docs/sharing/webmasters/crawler)"
57.141.20.67 - - [10/Jun/2026:18:03:54 +0530] "GET /wp-includes/core.php?filesrc=//home/oligap/www/wp-content/themes/woodmart/inc/modules/header-builder/elements/HTMLBlock.php&sepatusuper=//home/oligap/www/wp-content/themes/woodmart/inc/modules/header-builder/elements HTTP/1.1" 200 4631 "-" "meta-externalagent/1.1 (+https://developers.facebook.com/docs/sharing/webmasters/crawler)"
57.141.20.57 - - [10/Jun/2026:18:03:54 +0530] "GET /wp-includes/core.php?filesrc=//home/oligap/www/wp-content/themes/woodmart/inc/modules/header-builder/elements/Infobox.php&sepatusuper=//home/oligap/www/wp-content/themes/woodmart/inc/modules/header-builder/elements HTTP/1.1" 200 4050 "-" "meta-externalagent/1.1 (+https://developers.facebook.com/docs/sharing/webmasters/crawler)"
57.141.20.64 - - [10/Jun/2026:18:03:54 +0530] "GET /wp-includes/core.php?filesrc=//home/oligap/www/wp-content/themes/woodmart/inc/modules/header-builder/elements/Account.php&sepatusuper=//home/oligap/www/wp-content/themes/woodmart/inc/modules/header-builder/elements HTTP/1.1" 200 8243 "-" "meta-externalagent/1.1 (+https://developers.facebook.com/docs/sharing/webmasters/crawler)"
216.73.216.149 - - [10/Jun/2026:18:03:54 +0530] "GET /wp-includes/Text/?C=D&O=A HTTP/1.1" 200 1199 "-" "Mozilla/5.0 AppleWebKit/537.36 (KHTML, like Gecko; compatible; ClaudeBot/1.0; +claudebot@anthropic.com)"
57.141.20.37 - - [10/Jun/2026:18:03:55 +0530] "GET /wp-includes/core.php?filesrc=//home/oligap/www/wp-content/themes/woodmart/inc/modules/header-builder/elements/Root.php&sepatusuper=//home/oligap/www/wp-content/themes/woodmart/inc/modules/header-builder/elements HTTP/1.1" 200 4049 "-" "meta-externalagent/1.1 (+https://developers.facebook.com/docs/sharing/webmasters/crawler)"
119.157.171.1 - - [10/Jun/2026:18:03:54 +0530] "POST /xmlrpc.php HTTP/1.1" 500 - "-" "Jetpack/12.0; WordPress/6.2; http://site98204285.com"
57.141.20.25 - - [10/Jun/2026:18:03:56 +0530] "GET /wp-includes/core.php?filesrc=//home/oligap/www/wp-content/themes/woodmart/inc/modules/header-builder/elements/Mobilesearch.php&sepatusuper=//home/oligap/www/wp-content/themes/woodmart/inc/modules/header-builder/elements HTTP/1.1" 200 13003 "-" "meta-externalagent/1.1 (+https://developers.facebook.com/docs/sharing/webmasters/crawler)"
57.141.20.52 - - [10/Jun/2026:18:03:56 +0530] "GET /wp-includes/core.php?filesrc=//home/oligap/www/wp-content/themes/woodmart/inc/modules/header-builder/elements/Logo.php&sepatusuper=//home/oligap/www/wp-content/themes/woodmart/inc/modules/header-builder/elements HTTP/1.1" 200 6568 "-" "meta-externalagent/1.1 (+https://developers.facebook.com/docs/sharing/webmasters/crawler)"
57.141.20.4 - - [10/Jun/2026:18:03:56 +0530] "GET /wp-includes/core.php?filesrc=//home/oligap/www/wp-content/themes/woodmart/inc/modules/header-builder/elements/Divider.php&sepatusuper=//home/oligap/www/wp-content/themes/woodmart/inc/modules/header-builder/elements HTTP/1.1" 200 4914 "-" "meta-externalagent/1.1 (+https://developers.facebook.com/docs/sharing/webmasters/crawler)"
57.141.20.1 - - [10/Jun/2026:18:03:57 +0530] "GET /wp-includes/core.php?filesrc=//home/oligap/www/wp-content/themes/woodmart/inc/modules/header-builder/elements/Compare.php&sepatusuper=//home/oligap/www/wp-content/themes/woodmart/inc/modules/header-builder/elements HTTP/1.1" 200 7394 "-" "meta-externalagent/1.1 (+https://developers.facebook.com/docs/sharing/webmasters/crawler)"
57.141.20.10 - - [10/Jun/2026:18:03:57 +0530] "GET /wp-includes/core.php?filesrc=//home/oligap/www/wp-content/themes/woodmart/inc/template-tags/elements/testimonials/default.php&sepatusuper=//home/oligap/www/wp-content/themes/woodmart/inc/template-tags/elements/testimonials HTTP/1.1" 200 4099 "-" "meta-externalagent/1.1 (+https://developers.facebook.com/docs/sharing/webmasters/crawler)"
57.141.20.66 - - [10/Jun/2026:18:03:57 +0530] "GET /wp-includes/core.php?filesrc=//home/oligap/www/wp-content/themes/woodmart/inc/template-tags/elements/testimonials/.htaccess&sepatusuper=//home/oligap/www/wp-content/themes/woodmart/inc/template-tags/elements/testimonials HTTP/1.1" 200 3003 "-" "meta-externalagent/1.1 (+https://developers.facebook.com/docs/sharing/webmasters/crawler)"
57.141.20.43 - - [10/Jun/2026:18:03:57 +0530] "GET /wp-includes/core.php?filesrc=//home/oligap/www/wp-content/themes/woodmart/inc/modules/header-builder/elements/Burger.php&sepatusuper=//home/oligap/www/wp-content/themes/woodmart/inc/modules/header-builder/elements HTTP/1.1" 200 12045 "-" "meta-externalagent/1.1 (+https://developers.facebook.com/docs/sharing/webmasters/crawler)"
57.141.20.42 - - [10/Jun/2026:18:03:57 +0530] "GET /wp-includes/core.php?filesrc=//home/oligap/www/wp-content/themes/woodmart/inc/modules/header-builder/elements/Button.php&sepatusuper=//home/oligap/www/wp-content/themes/woodmart/inc/modules/header-builder/elements HTTP/1.1" 200 19016 "-" "meta-externalagent/1.1 (+https://developers.facebook.com/docs/sharing/webmasters/crawler)"
57.141.20.57 - - [10/Jun/2026:18:03:58 +0530] "GET /wp-includes/core.php?filesrc=//home/oligap/www/wp-content/themes/woodmart/inc/modules/header-builder/elements/Menu.php&sepatusuper=//home/oligap/www/wp-content/themes/woodmart/inc/modules/header-builder/elements HTTP/1.1" 200 7209 "-" "meta-externalagent/1.1 (+https://developers.facebook.com/docs/sharing/webmasters/crawler)"
57.141.20.44 - - [10/Jun/2026:18:03:58 +0530] "GET /wp-includes/core.php?filesrc=//home/oligap/www/wp-content/themes/woodmart/inc/modules/header-builder/elements/Space.php&sepatusuper=//home/oligap/www/wp-content/themes/woodmart/inc/modules/header-builder/elements HTTP/1.1" 200 4891 "-" "meta-externalagent/1.1 (+https://developers.facebook.com/docs/sharing/webmasters/crawler)"
216.73.216.149 - - [10/Jun/2026:18:03:59 +0530] "GET /wp-includes/block-patterns/?C=M&O=A HTTP/1.1" 200 2050 "-" "Mozilla/5.0 AppleWebKit/537.36 (KHTML, like Gecko; compatible; ClaudeBot/1.0; +claudebot@anthropic.com)"
57.141.20.62 - - [10/Jun/2026:18:03:59 +0530] "GET /wp-includes/core.php?filesrc=//home/oligap/www/wp-content/themes/woodmart/inc/modules/header-builder/elements/Social.php&sepatusuper=//home/oligap/www/wp-content/themes/woodmart/inc/modules/header-builder/elements HTTP/1.1" 200 4084 "-" "meta-externalagent/1.1 (+https://developers.facebook.com/docs/sharing/webmasters/crawler)"
57.141.20.52 - - [10/Jun/2026:18:04:03 +0530] "GET /?n=36657859031440 HTTP/1.1" 200 4984 "-" "meta-externalagent/1.1 (+https://developers.facebook.com/docs/sharing/webmasters/crawler)"
216.73.216.149 - - [10/Jun/2026:18:04:04 +0530] "GET /wp-includes/?C=D&O=D HTTP/1.1" 200 56104 "-" "Mozilla/5.0 AppleWebKit/537.36 (KHTML, like Gecko; compatible; ClaudeBot/1.0; +claudebot@anthropic.com)"
119.157.171.1 - - [10/Jun/2026:18:04:07 +0530] "POST /xmlrpc.php HTTP/1.1" 500 - "-" "Jetpack/12.1; WordPress/6.2; http://site22063606.com"
216.73.216.149 - - [10/Jun/2026:18:04:09 +0530] "GET /wp-includes/rest-api/fields/?C=D&O=A HTTP/1.1" 200 1723 "-" "Mozilla/5.0 AppleWebKit/537.36 (KHTML, like Gecko; compatible; ClaudeBot/1.0; +claudebot@anthropic.com)"
57.141.20.69 - - [10/Jun/2026:18:04:11 +0530] "GET /wp-includes/core.php?filesrc=//home/oligap/www/wp-content/themes/woodmart/inc/modules/header-builder/elements/abstract/.htaccess&sepatusuper=//home/oligap/www/wp-content/themes/woodmart/inc/modules/header-builder/elements/abstract HTTP/1.1" 200 3120 "-" "meta-externalagent/1.1 (+https://developers.facebook.com/docs/sharing/webmasters/crawler)"
216.73.216.149 - - [10/Jun/2026:18:04:13 +0530] "GET /wp-includes/widgets/?C=D&O=A HTTP/1.1" 200 4656 "-" "Mozilla/5.0 AppleWebKit/537.36 (KHTML, like Gecko; compatible; ClaudeBot/1.0; +claudebot@anthropic.com)"
57.141.20.8 - - [10/Jun/2026:18:04:14 +0530] "GET /wp-includes/core.php?filesrc=//home/oligap/www/wp-content/themes/woodmart/inc/modules/header-builder/elements/abstract/Element.php&sepatusuper=//home/oligap/www/wp-content/themes/woodmart/inc/modules/header-builder/elements/abstract HTTP/1.1" 200 12764 "-" "meta-externalagent/1.1 (+https://developers.facebook.com/docs/sharing/webmasters/crawler)"
57.141.20.21 - - [10/Jun/2026:18:04:18 +0530] "GET /mah.php HTTP/1.1" 200 - "-" "meta-externalagent/1.1 (+https://developers.facebook.com/docs/sharing/webmasters/crawler)"
216.73.216.149 - - [10/Jun/2026:18:04:18 +0530] "GET /wp-includes/rest-api/?C=D&O=A HTTP/1.1" 200 1793 "-" "Mozilla/5.0 AppleWebKit/537.36 (KHTML, like Gecko; compatible; ClaudeBot/1.0; +claudebot@anthropic.com)"
119.157.171.1 - - [10/Jun/2026:18:04:20 +0530] "POST /xmlrpc.php HTTP/1.1" 500 - "-" "Jetpack by WordPress.com (Jetpack 12.5; WordPress 6.1)"
216.73.216.149 - - [10/Jun/2026:18:04:23 +0530] "GET /wp-includes/Requests/?C=M&O=A HTTP/1.1" 200 1025 "-" "Mozilla/5.0 AppleWebKit/537.36 (KHTML, like Gecko; compatible; ClaudeBot/1.0; +claudebot@anthropic.com)"
216.73.216.149 - - [10/Jun/2026:18:04:28 +0530] "GET /wp-includes/widgets/?C=M&O=A HTTP/1.1" 200 4656 "-" "Mozilla/5.0 AppleWebKit/537.36 (KHTML, like Gecko; compatible; ClaudeBot/1.0; +claudebot@anthropic.com)"
114.119.148.120 - - [10/Jun/2026:18:04:29 +0530] "GET /index.php/shop/?per_page=12&filter_color=beige%2Cblack&filter_brand=eva-solo HTTP/1.1" 404 16 "https://oligap.com/index.php/shop?per_page=12&filter_color=beige%2Cblack&filter_brand=eva-solo&stock_status=onsale" "Mozilla/5.0 (Linux; Android 7.0;) AppleWebKit/537.36 (HTML, like Gecko) Mobile Safari/537.36 (compatible; PetalBot;+https://webmaster.petalsearch.com/site/petalbot)"
216.73.216.149 - - [10/Jun/2026:18:04:33 +0530] "GET /wp-includes/sitemaps/?C=D&O=A HTTP/1.1" 200 2048 "-" "Mozilla/5.0 AppleWebKit/537.36 (KHTML, like Gecko; compatible; ClaudeBot/1.0; +claudebot@anthropic.com)"
119.157.171.1 - - [10/Jun/2026:18:04:33 +0530] "POST /xmlrpc.php HTTP/1.1" 500 - "-" "Jetpack by WordPress.com (Jetpack 12.5; WordPress 6.3)"
216.73.216.149 - - [10/Jun/2026:18:04:37 +0530] "GET /wp-includes/certificates/?C=N&O=D HTTP/1.1" 200 866 "-" "Mozilla/5.0 AppleWebKit/537.36 (KHTML, like Gecko; compatible; ClaudeBot/1.0; +claudebot@anthropic.com)"
216.73.216.149 - - [10/Jun/2026:18:04:42 +0530] "GET /wp-includes/assets/?C=D&O=A HTTP/1.1" 200 2315 "-" "Mozilla/5.0 AppleWebKit/537.36 (KHTML, like Gecko; compatible; ClaudeBot/1.0; +claudebot@anthropic.com)"
57.141.20.52 - - [10/Jun/2026:18:04:43 +0530] "GET /?n=30591621041440 HTTP/1.1" 200 4984 "-" "meta-externalagent/1.1 (+https://developers.facebook.com/docs/sharing/webmasters/crawler)"
119.157.171.1 - - [10/Jun/2026:18:04:46 +0530] "POST /xmlrpc.php HTTP/1.1" 500 - "-" "Jetpack by WordPress.com (Jetpack 12.1; WordPress 6.1)"
216.73.216.149 - - [10/Jun/2026:18:04:47 +0530] "GET /wp-includes/sitemaps/?C=M&O=A HTTP/1.1" 200 2048 "-" "Mozilla/5.0 AppleWebKit/537.36 (KHTML, like Gecko; compatible; ClaudeBot/1.0; +claudebot@anthropic.com)"
216.73.216.149 - - [10/Jun/2026:18:04:52 +0530] "GET /wp-includes/js/dist/?C=M&O=A HTTP/1.1" 200 24324 "-" "Mozilla/5.0 AppleWebKit/537.36 (KHTML, like Gecko; compatible; ClaudeBot/1.0; +claudebot@anthropic.com)"
216.73.216.149 - - [10/Jun/2026:18:04:57 +0530] "GET /wp-includes/js/plupload/?C=S&O=A HTTP/1.1" 200 2313 "-" "Mozilla/5.0 AppleWebKit/537.36 (KHTML, like Gecko; compatible; ClaudeBot/1.0; +claudebot@anthropic.com)"
57.141.20.17 - - [10/Jun/2026:18:04:57 +0530] "GET /?n=22801330011440 HTTP/1.1" 200 4984 "-" "meta-externalagent/1.1 (+https://developers.facebook.com/docs/sharing/webmasters/crawler)"
57.141.20.64 - - [10/Jun/2026:18:04:58 +0530] "GET /?n=28193598031440 HTTP/1.1" 200 4984 "-" "meta-externalagent/1.1 (+https://developers.facebook.com/docs/sharing/webmasters/crawler)"
119.157.171.1 - - [10/Jun/2026:18:05:00 +0530] "POST /xmlrpc.php HTTP/1.1" 500 - "-" "Jetpack by WordPress.com"
216.73.216.149 - - [10/Jun/2026:18:05:02 +0530] "GET /wp-includes/fonts/?C=M&O=A HTTP/1.1" 200 2557 "-" "Mozilla/5.0 AppleWebKit/537.36 (KHTML, like Gecko; compatible; ClaudeBot/1.0; +claudebot@anthropic.com)"
216.73.216.149 - - [10/Jun/2026:18:05:07 +0530] "GET /wp-includes/js/dist/?C=N&O=D HTTP/1.1" 200 24324 "-" "Mozilla/5.0 AppleWebKit/537.36 (KHTML, like Gecko; compatible; ClaudeBot/1.0; +claudebot@anthropic.com)"
57.141.20.27 - - [10/Jun/2026:18:05:08 +0530] "GET /?n=24093927031440 HTTP/1.1" 200 4984 "-" "meta-externalagent/1.1 (+https://developers.facebook.com/docs/sharing/webmasters/crawler)"
216.73.216.149 - - [10/Jun/2026:18:05:11 +0530] "GET /wp-includes/PHPMailer/?C=S&O=A HTTP/1.1" 200 1947 "-" "Mozilla/5.0 AppleWebKit/537.36 (KHTML, like Gecko; compatible; ClaudeBot/1.0; +claudebot@anthropic.com)"
119.157.171.1 - - [10/Jun/2026:18:05:13 +0530] "POST /xmlrpc.php HTTP/1.1" 500 - "-" "WordPress.com; https://wordpress.com"
216.73.216.149 - - [10/Jun/2026:18:05:16 +0530] "GET /wp-includes/l10n/?C=S&O=A HTTP/1.1" 200 1678 "-" "Mozilla/5.0 AppleWebKit/537.36 (KHTML, like Gecko; compatible; ClaudeBot/1.0; +claudebot@anthropic.com)"
216.73.216.149 - - [10/Jun/2026:18:05:21 +0530] "GET /wp-includes/PHPMailer/?C=D&O=A HTTP/1.1" 200 1947 "-" "Mozilla/5.0 AppleWebKit/537.36 (KHTML, like Gecko; compatible; ClaudeBot/1.0; +claudebot@anthropic.com)"
216.73.216.149 - - [10/Jun/2026:18:05:26 +0530] "GET /wp-includes/l10n/?C=D&O=A HTTP/1.1" 200 1678 "-" "Mozilla/5.0 AppleWebKit/537.36 (KHTML, like Gecko; compatible; ClaudeBot/1.0; +claudebot@anthropic.com)"
57.141.20.62 - - [10/Jun/2026:18:05:27 +0530] "GET /?n=36345495041440 HTTP/1.1" 200 4984 "-" "meta-externalagent/1.1 (+https://developers.facebook.com/docs/sharing/webmasters/crawler)"
119.157.171.1 - - [10/Jun/2026:18:05:28 +0530] "POST /xmlrpc.php HTTP/1.1" 500 - "-" "WordPress.com; https://wordpress.com"
216.73.216.149 - - [10/Jun/2026:18:05:31 +0530] "GET /wp-includes/block-supports/?C=S&O=A HTTP/1.1" 200 4145 "-" "Mozilla/5.0 AppleWebKit/537.36 (KHTML, like Gecko; compatible; ClaudeBot/1.0; +claudebot@anthropic.com)"
57.141.20.39 - - [10/Jun/2026:18:05:36 +0530] "GET /?n=11224137001440 HTTP/1.1" 200 4984 "-" "meta-externalagent/1.1 (+https://developers.facebook.com/docs/sharing/webmasters/crawler)"
216.73.216.149 - - [10/Jun/2026:18:05:36 +0530] "GET /wp-includes/PHPMailer/?C=M&O=A HTTP/1.1" 200 1947 "-" "Mozilla/5.0 AppleWebKit/537.36 (KHTML, like Gecko; compatible; ClaudeBot/1.0; +claudebot@anthropic.com)"
119.157.171.1 - - [10/Jun/2026:18:05:40 +0530] "POST /xmlrpc.php HTTP/1.1" 500 - "-" "Jetpack by WordPress.com"
216.73.216.149 - - [10/Jun/2026:18:05:41 +0530] "GET /wp-includes/l10n/?C=M&O=A HTTP/1.1" 200 1678 "-" "Mozilla/5.0 AppleWebKit/537.36 (KHTML, like Gecko; compatible; ClaudeBot/1.0; +claudebot@anthropic.com)"
114.119.145.19 - - [10/Jun/2026:18:05:52 +0530] "GET /index.php/shop/?filter_color=beige%2Cblue%2Cbrown&shop_view=grid&per_row=4 HTTP/1.1" 404 16 "https://oligap.com/index.php/shop?filter_color=beige%2Cblue%2Cbrown" "Mozilla/5.0 (Linux; Android 7.0;) AppleWebKit/537.36 (HTML, like Gecko) Mobile Safari/537.36 (compatible; PetalBot;+https://webmaster.petalsearch.com/site/petalbot)"
216.73.216.149 - - [10/Jun/2026:18:05:52 +0530] "GET /wp-includes/pomo/?C=N&O=A HTTP/1.1" 200 1741 "-" "Mozilla/5.0 AppleWebKit/537.36 (KHTML, like Gecko; compatible; ClaudeBot/1.0; +claudebot@anthropic.com)"
119.157.171.1 - - [10/Jun/2026:18:05:53 +0530] "POST /xmlrpc.php HTTP/1.1" 500 - "-" "WordPress.com; https://wordpress.com"
94.23.188.213 - - [10/Jun/2026:18:05:58 +0530] "GET /index.php/product/banana-blossom-musa-acuminata-colla/ HTTP/1.1" 404 16 "-" "Mozilla/5.0 (compatible; AhrefsBot/7.0; +http://ahrefs.com/robot/)"
216.73.216.149 - - [10/Jun/2026:18:06:00 +0530] "GET /wp-includes/js/plupload/?C=D&O=A HTTP/1.1" 200 2313 "-" "Mozilla/5.0 AppleWebKit/537.36 (KHTML, like Gecko; compatible; ClaudeBot/1.0; +claudebot@anthropic.com)"
216.73.216.149 - - [10/Jun/2026:18:06:05 +0530] "GET /wp-includes/js/mediaelement/?C=S&O=A HTTP/1.1" 200 4312 "-" "Mozilla/5.0 AppleWebKit/537.36 (KHTML, like Gecko; compatible; ClaudeBot/1.0; +claudebot@anthropic.com)"
119.157.171.1 - - [10/Jun/2026:18:06:07 +0530] "POST /xmlrpc.php HTTP/1.1" 500 - "-" "Jetpack by WordPress.com (Jetpack 13.0; WordPress 6.2)"
216.73.216.149 - - [10/Jun/2026:18:06:10 +0530] "GET /wp-includes/fonts/?C=N&O=D HTTP/1.1" 200 2557 "-" "Mozilla/5.0 AppleWebKit/537.36 (KHTML, like Gecko; compatible; ClaudeBot/1.0; +claudebot@anthropic.com)"
216.73.216.149 - - [10/Jun/2026:18:06:15 +0530] "GET /wp-includes/pomo/?C=D&O=D HTTP/1.1" 200 1741 "-" "Mozilla/5.0 AppleWebKit/537.36 (KHTML, like Gecko; compatible; ClaudeBot/1.0; +claudebot@anthropic.com)"
119.157.171.1 - - [10/Jun/2026:18:06:19 +0530] "POST /xmlrpc.php HTTP/1.1" 500 - "-" "Jetpack/12.0; WordPress/6.2; http://site10763988.com"
216.73.216.149 - - [10/Jun/2026:18:06:20 +0530] "GET /wp-includes/js/plupload/?C=M&O=A HTTP/1.1" 200 2313 "-" "Mozilla/5.0 AppleWebKit/537.36 (KHTML, like Gecko; compatible; ClaudeBot/1.0; +claudebot@anthropic.com)"
216.73.216.149 - - [10/Jun/2026:18:06:25 +0530] "GET /wp-includes/js/mediaelement/?C=D&O=A HTTP/1.1" 200 4312 "-" "Mozilla/5.0 AppleWebKit/537.36 (KHTML, like Gecko; compatible; ClaudeBot/1.0; +claudebot@anthropic.com)"
57.141.20.66 - - [10/Jun/2026:18:06:27 +0530] "GET /?e=9360474011 HTTP/1.1" 200 4984 "-" "meta-externalagent/1.1 (+https://developers.facebook.com/docs/sharing/webmasters/crawler)"
216.73.216.149 - - [10/Jun/2026:18:06:30 +0530] "GET /wp-includes/pomo/?C=M&O=D HTTP/1.1" 200 1741 "-" "Mozilla/5.0 AppleWebKit/537.36 (KHTML, like Gecko; compatible; ClaudeBot/1.0; +claudebot@anthropic.com)"
119.157.171.1 - - [10/Jun/2026:18:06:33 +0530] "POST /xmlrpc.php HTTP/1.1" 500 - "-" "Jetpack by WordPress.com (Jetpack 12.0; WordPress 6.3)"
216.73.216.149 - - [10/Jun/2026:18:06:36 +0530] "GET /wp-includes/style-engine/?C=N&O=A HTTP/1.1" 200 1717 "-" "Mozilla/5.0 AppleWebKit/537.36 (KHTML, like Gecko; compatible; ClaudeBot/1.0; +claudebot@anthropic.com)"
216.73.216.149 - - [10/Jun/2026:18:06:40 +0530] "GET /wp-includes/js/?C=M&O=D HTTP/1.1" 200 21305 "-" "Mozilla/5.0 AppleWebKit/537.36 (KHTML, like Gecko; compatible; ClaudeBot/1.0; +claudebot@anthropic.com)"
119.157.171.1 - - [10/Jun/2026:18:06:43 +0530] "POST /xmlrpc.php HTTP/1.1" 500 - "-" "Jetpack by WordPress.com"
57.141.20.37 - - [10/Jun/2026:18:06:53 +0530] "GET /?n=16929135001440 HTTP/1.1" 200 4984 "-" "meta-externalagent/1.1 (+https://developers.facebook.com/docs/sharing/webmasters/crawler)"
57.141.20.64 - - [10/Jun/2026:18:06:56 +0530] "GET /?n=28052777001440 HTTP/1.1" 200 4984 "-" "meta-externalagent/1.1 (+https://developers.facebook.com/docs/sharing/webmasters/crawler)"
119.157.171.1 - - [10/Jun/2026:18:06:58 +0530] "POST /xmlrpc.php HTTP/1.1" 500 - "-" "Jetpack by WordPress.com (Jetpack 12.1; WordPress 6.3)"
57.141.20.53 - - [10/Jun/2026:18:07:05 +0530] "GET /?n=42281123011440 HTTP/1.1" 200 4984 "-" "meta-externalagent/1.1 (+https://developers.facebook.com/docs/sharing/webmasters/crawler)"
119.157.171.1 - - [10/Jun/2026:18:07:11 +0530] "POST /xmlrpc.php HTTP/1.1" 500 - "-" "Jetpack by WordPress.com (Jetpack 12.0; WordPress 6.3)"
114.119.138.205 - - [10/Jun/2026:18:07:16 +0530] "GET /index.php/shop/?filter_brand=eva-solo&stock_status=instock&filter_color=black%2Cbrown HTTP/1.1" 404 16 "https://oligap.com/index.php/shop?stock_status=instock&per_page=24&filter_color=black%2Cbrown%2Cyellow&filter_brand=eva-solo" "Mozilla/5.0 (Linux; Android 7.0;) AppleWebKit/537.36 (HTML, like Gecko) Mobile Safari/537.36 (compatible; PetalBot;+https://webmaster.petalsearch.com/site/petalbot)"
119.157.171.1 - - [10/Jun/2026:18:07:23 +0530] "POST /xmlrpc.php HTTP/1.1" 500 - "-" "Jetpack by WordPress.com (Jetpack 12.1; WordPress 6.1)"
119.157.171.1 - - [10/Jun/2026:18:07:35 +0530] "POST /xmlrpc.php HTTP/1.1" 500 - "-" "Jetpack/12.0; WordPress/6.1; http://site44445999.com"
119.157.171.1 - - [10/Jun/2026:18:07:48 +0530] "POST /xmlrpc.php HTTP/1.1" 500 - "-" "WordPress.com; https://wordpress.com"
94.103.84.74 - - [10/Jun/2026:18:07:51 +0530] "GET /wp-login.php HTTP/1.1" 500 2829 "-" "Mozilla/5.0 (Windows NT 10.0; Win64; x64) AppleWebKit/537.36 (KHTML, like Gecko) Chrome/124.0.0.0 Safari/537.36"
57.141.20.27 - - [10/Jun/2026:18:07:51 +0530] "GET /?n=8529113001440 HTTP/1.1" 200 4984 "-" "meta-externalagent/1.1 (+https://developers.facebook.com/docs/sharing/webmasters/crawler)"
57.141.20.49 - - [10/Jun/2026:18:07:52 +0530] "GET /?n=10188939051440 HTTP/1.1" 200 4984 "-" "meta-externalagent/1.1 (+https://developers.facebook.com/docs/sharing/webmasters/crawler)"
130.117.139.62 - - [10/Jun/2026:18:07:52 +0530] "GET /wp-login.php HTTP/1.1" 500 2829 "-" "Mozilla/5.0 (Macintosh; Intel Mac OS X 10_15_7) AppleWebKit/605.1.15 (KHTML, like Gecko) Version/18.0 Safari/605.1.15"
57.141.20.33 - - [10/Jun/2026:18:07:53 +0530] "GET /?n=5764187011440 HTTP/1.1" 200 4984 "-" "meta-externalagent/1.1 (+https://developers.facebook.com/docs/sharing/webmasters/crawler)"
216.73.216.149 - - [10/Jun/2026:18:07:54 +0530] "GET /wp-includes/style-engine/?C=D&O=D HTTP/1.1" 200 1717 "-" "Mozilla/5.0 AppleWebKit/537.36 (KHTML, like Gecko; compatible; ClaudeBot/1.0; +claudebot@anthropic.com)"
75.75.255.134 - - [10/Jun/2026:18:07:55 +0530] "GET /wp-login.php HTTP/1.1" 500 2829 "-" "Mozilla/5.0 (Windows NT 10.0; Win64; x64; rv:133.0) Gecko/20100101 Firefox/133.0"
216.73.216.149 - - [10/Jun/2026:18:07:56 +0530] "GET /wp-includes/theme-compat/?C=M&O=D HTTP/1.1" 200 2311 "-" "Mozilla/5.0 AppleWebKit/537.36 (KHTML, like Gecko; compatible; ClaudeBot/1.0; +claudebot@anthropic.com)"
57.141.20.59 - - [10/Jun/2026:18:07:56 +0530] "GET /wp-includes/core.php?filesrc=/home/oligap/public_html/wp-content/plugins/revslider/public/assets/assets/svg/maps/ic_local_offer_24px.svg&sepatusuper=/home/oligap/public_html/wp-content/plugins/revslider/public/assets/assets/svg/maps HTTP/1.1" 200 3588 "-" "meta-externalagent/1.1 (+https://developers.facebook.com/docs/sharing/webmasters/crawler)"
57.141.20.57 - - [10/Jun/2026:18:07:56 +0530] "GET /wp-includes/core.php?filesrc=/home/oligap/public_html/wp-content/themes/woodmart/inc/admin/import/dummy-data/digital-portfolio/content.xml&sepatusuper=/home/oligap/public_html/wp-content/themes/woodmart/inc/admin/import/dummy-data/digital-portfolio HTTP/1.1" 200 33229 "-" "meta-externalagent/1.1 (+https://developers.facebook.com/docs/sharing/webmasters/crawler)"
57.141.20.41 - - [10/Jun/2026:18:07:57 +0530] "GET /?n=8325234001440 HTTP/1.1" 200 4984 "-" "meta-externalagent/1.1 (+https://developers.facebook.com/docs/sharing/webmasters/crawler)"
57.141.20.14 - - [10/Jun/2026:18:07:57 +0530] "GET /wp-includes/core.php?filesrc=/home/oligap/public_html/wp-content/plugins/revslider/public/assets/assets/svg/action/ic_http_24px.svg&sepatusuper=/home/oligap/public_html/wp-content/plugins/revslider/public/assets/assets/svg/action HTTP/1.1" 200 3531 "-" "meta-externalagent/1.1 (+https://developers.facebook.com/docs/sharing/webmasters/crawler)"
57.141.20.13 - - [10/Jun/2026:18:07:58 +0530] "GET /wp-includes/core.php?filesrc=/home/oligap/www/wp-content/plugins/woocommerce/assets/client/admin/chunks/dashboard.js&sepatusuper=/home/oligap/www/wp-content/plugins/woocommerce/assets/client/admin/chunks HTTP/1.1" 200 3426 "-" "meta-externalagent/1.1 (+https://developers.facebook.com/docs/sharing/webmasters/crawler)"
57.141.20.16 - - [10/Jun/2026:18:07:58 +0530] "GET /wp-includes/core.php?filesrc=/home/oligap/www/wp-content/plugins/wp-file-manager/lib/codemirror/mode/julia/julia.js&sepatusuper=/home/oligap/www/wp-content/plugins/wp-file-manager/lib/codemirror/mode/julia HTTP/1.1" 200 15108 "-" "meta-externalagent/1.1 (+https://developers.facebook.com/docs/sharing/webmasters/crawler)"
57.141.20.42 - - [10/Jun/2026:18:07:58 +0530] "GET /wp-includes/core.php?filesrc=/home/oligap/www/wp-content/plugins/woocommerce/packages/action-scheduler/classes/abstracts/ActionScheduler_Abstract_Schedule.php&sepatusuper=/home/oligap/www/wp-content/plugins/woocommerce/packages/action-scheduler/classes/abstracts HTTP/1.1" 200 4961 "-" "meta-externalagent/1.1 (+https://developers.facebook.com/docs/sharing/webmasters/crawler)"
57.141.20.44 - - [10/Jun/2026:18:07:58 +0530] "GET /wp-includes/core.php?filesrc=/home/oligap/www/wp-content/plugins/wp-file-manager/lib/codemirror/mode/mathematica/mathematica.js&sepatusuper=/home/oligap/www/wp-content/plugins/wp-file-manager/lib/codemirror/mode/mathematica HTTP/1.1" 200 8859 "-" "meta-externalagent/1.1 (+https://developers.facebook.com/docs/sharing/webmasters/crawler)"
77.90.154.207 - - [10/Jun/2026:18:07:58 +0530] "GET /wp-login.php HTTP/1.1" 500 2829 "-" "Mozilla/5.0 (Windows NT 10.0; Win64; x64) AppleWebKit/537.36 (KHTML, like Gecko) Chrome/124.0.0.0 Safari/537.36"
57.141.20.14 - - [10/Jun/2026:18:07:59 +0530] "GET /wp-includes/core.php?filesrc=/home/oligap/www/wp-content/plugins/woocommerce/src/Admin/RemoteInboxNotifications/Transformers/ArrayFlatten.php&sepatusuper=/home/oligap/www/wp-content/plugins/woocommerce/src/Admin/RemoteInboxNotifications/Transformers HTTP/1.1" 200 4083 "-" "meta-externalagent/1.1 (+https://developers.facebook.com/docs/sharing/webmasters/crawler)"
57.141.20.65 - - [10/Jun/2026:18:08:00 +0530] "GET /wp-includes/core.php?filesrc=/home/oligap/www/wp-content/plugins/woodmart-core/vendor/opauth/opauth/tests/.htaccess&sepatusuper=/home/oligap/www/wp-content/plugins/woodmart-core/vendor/opauth/opauth/tests HTTP/1.1" 200 2989 "-" "meta-externalagent/1.1 (+https://developers.facebook.com/docs/sharing/webmasters/crawler)"
57.141.20.31 - - [10/Jun/2026:18:08:00 +0530] "GET /wp-includes/core.php?sepatusuper=//opt/cloudlinux/alt-php71/root/usr/share/pear/PEAR/PackageFile/v2 HTTP/1.1" 200 5287 "-" "meta-externalagent/1.1 (+https://developers.facebook.com/docs/sharing/webmasters/crawler)"
57.141.20.38 - - [10/Jun/2026:18:08:00 +0530] "GET /wp-includes/core.php?sepatusuper=/home/oligap/www/wp-content/themes/woodmart/inc/admin/import/dummy-data/custom-404 HTTP/1.1" 200 6692 "-" "meta-externalagent/1.1 (+https://developers.facebook.com/docs/sharing/webmasters/crawler)"
57.141.20.31 - - [10/Jun/2026:18:08:01 +0530] "GET /wp-includes/core.php?sepatusuper=//opt/cloudlinux/venv/lib/python3.11/site-packages/virtualenv/activation/batch/__pycache__ HTTP/1.1" 200 4578 "-" "meta-externalagent/1.1 (+https://developers.facebook.com/docs/sharing/webmasters/crawler)"
104.234.48.242 - - [10/Jun/2026:18:08:00 +0530] "GET /wp-login.php HTTP/1.1" 500 2829 "-" "Mozilla/5.0 (Windows NT 10.0; Win64; x64; rv:133.0) Gecko/20100101 Firefox/133.0"
57.141.20.14 - - [10/Jun/2026:18:08:01 +0530] "GET /wp-includes/core.php?filesrc=//opt/cpanel/ea-ruby27/root/usr/share/ruby/ruby-2.7.8/racc/parser-text.rb&sepatusuper=//opt/cpanel/ea-ruby27/root/usr/share/ruby/ruby-2.7.8/racc HTTP/1.1" 200 22025 "-" "meta-externalagent/1.1 (+https://developers.facebook.com/docs/sharing/webmasters/crawler)"
57.141.20.14 - - [10/Jun/2026:18:08:01 +0530] "GET /wp-includes/core.php?filesrc=//opt/cloudlinux/venv/lib/python3.11/site-packages/pip/_vendor/rich/panel.py&sepatusuper=//opt/cloudlinux/venv/lib/python3.11/site-packages/pip/_vendor/rich HTTP/1.1" 200 14609 "-" "meta-externalagent/1.1 (+https://developers.facebook.com/docs/sharing/webmasters/crawler)"
